hat are the prime factors of 5115?
3, 5, 11, 31
What are the prime factors of 14710?
2, 5, 1471
List the prime factors of 963.
3, 107
List the prime factors of 8706.
2, 3, 1451
List the prime factors of 12045.
3, 5, 11, 73
What are the prime factors of 3071?
37, 83
List the prime factors of 3017.
7, 431
What are the prime factors of 72120?
2, 3, 5, 601
What are the prime factors of 633?
3, 211
List the prime factors of 9769.
9769
List the prime factors of 3201.
3, 11, 97
What are the prime factors of 624?
2, 3, 13
List the prime factors of 8664.
2, 3, 19
What are the prime factors of 210?
2, 3, 5, 7
List the prime factors of 29994.
2, 3, 4999
List the prime factors of 862.
2, 431
List the prime factors of 27670.
2, 5, 2767
What are the prime factors of 9?
3
What are the prime factors of 7?
7
What are the prime factors of 18694?
2, 13, 719
What are the prime factors of 49675?
5, 1987
List the prime factors of 4421.
4421
List the prime factors of 340.
2, 5, 17
List the prime factors of 11914.
2, 7, 23, 37
What are the prime factors of 10402?
2, 7, 743
What are the prime factors of 14?
2, 7
List the prime factors of 888.
2, 3, 37
What are the prime factors of 26?
2, 13
What are the prime factors of 15407?
7, 31, 71
List the prime factors of 421.
421
What are the prime factors of 1005?
3, 5, 67
List the prime factors of 14775.
3, 5, 197
List the prime factors of 633.
3, 211
List the prime factors of 2751.
3, 7, 131
What are the prime factors of 12371?
89, 139
List the prime factors of 277.
277
What are the prime factors of 4346?
2, 41, 53
What are the prime factors of 29852?
2, 17, 439
What are the prime factors of 7655?
5, 1531
What are the prime factors of 9310?
2, 5, 7, 19
List the prime factors of 2881.
43, 67
What are the prime factors of 9985?
5, 1997
What are the prime factors of 22841?
7, 13, 251
List the prime factors of 10545.
3, 5, 19, 37
What are the prime factors of 11058?
2, 3, 19, 97
What are the prime factors of 2161?
2161
What are the prime factors of 1356?
2, 3, 113
List the prime factors of 4479.
3, 1493
List the prime factors of 2264.
2, 283
What are the prime factors of 49825?
5, 1993
What are the prime factors of 2986?
2, 1493
What are the prime factors of 4240?
2, 5, 53
What are the prime factors of 1641?
3, 547
List the prime factors of 2041.
13, 157
What are the prime factors of 25346?
2, 19, 23, 29
List the prime factors of 214.
2, 107
What are the prime factors of 4530?
2, 3, 5, 151
List the prime factors of 4126.
2, 2063
List the prime factors of 95.
5, 19
List the prime factors of 1814.
2, 907
List the prime factors of 2259.
3, 251
List the prime factors of 1819.
17, 107
List the prime factors of 284.
2, 71
List the prime factors of 43889.
43889
List the prime factors of 639.
3, 71
List the prime factors of 28556.
2, 11, 59
List the prime factors of 2213.
2213
List the prime factors of 3698.
2, 43
What are the prime factors of 2092?
2, 523
List the prime factors of 155215.
5, 37, 839
What are the prime factors of 6531?
3, 7, 311
What are the prime factors of 4025?
5, 7, 23
List the prime factors of 3539.
3539
What are the prime factors of 45134?
2, 22567
What are the prime factors of 325?
5, 13
What are the prime factors of 59?
59
What are the prime factors of 1466?
2, 733
What are the prime factors of 387?
3, 43
List the prime factors of 99229.
13, 17, 449
List the prime factors of 9415.
5, 7, 269
List the prime factors of 74.
2, 37
What are the prime factors of 2907?
3, 17, 19
List the prime factors of 22453.
22453
List the prime factors of 236.
2, 59
List the prime factors of 33312.
2, 3, 347
List the prime factors of 11864.
2, 1483
What are the prime factors of 5257?
7, 751
What are the prime factors of 66961?
29, 2309
What are the prime factors of 10200?
2, 3, 5, 17
What are the prime factors of 757?
757
What are the prime factors of 7362?
2, 3, 409
List the prime factors of 53605.
5, 71, 151
What are the prime factors of 165705?
3, 5, 11047
List the prime factors of 44201.
44201
What are the prime factors of 3932?
2, 983
What are the prime factors of 1294?
2, 647
List the prime factors of 34554.
2, 3, 13, 443
List the prime factors of 45703.
7, 6529
List the prime factors of 3427.
23, 149
What are the prime factors of 488?
2, 61
List the prime factors of 7925.
5, 317
What are the prime factors of 10911?
3, 3637
List the prime factors of 681.
3, 227
What are the prime factors of 37630?
2, 5, 53, 71
What are the prime factors of 1285?
5, 257
List the prime factors of 20.
2, 5
List the prime factors of 22274.
2, 7, 37, 43
List the prime factors of 10889.
10889
What are the prime factors of 139413?
3, 46471
What are the prime factors of 5353?
53, 101
List the prime factors of 76.
2, 19
What are the prime factors of 257?
257
List the prime factors of 10821.
3, 3607
What are the prime factors of 137?
137
List the prime factors of 3265.
5, 653
What are the prime factors of 77110?
2, 5, 11, 701
What are the prime factors of 6810?
2, 3, 5, 227
List the prime factors of 72094.
2, 11, 29, 113
What are the prime factors of 85461?
3, 61, 467
List the prime factors of 2947.
7, 421
List the prime factors of 1727.
11, 157
What are the prime factors of 19691?
7, 29, 97
What are the prime factors of 13028?
2, 3257
What are the prime factors of 141?
3, 47
List the prime factors of 2703.
3, 17, 53
What are the prime factors of 16046?
2, 71, 113
List the prime factors of 21127.
37, 571
List the prime factors of 1334.
2, 23, 29
List the prime factors of 6507.
3, 241
List the prime factors of 1743.
3, 7, 83
What are the prime factors of 389?
389
What are the prime factors of 194524?
2, 11, 4421
List the prime factors of 76152.
2, 3, 19, 167
List the prime factors of 1897.
7, 271
List the prime factors of 24120.
2, 3, 5, 67
List the prime factors of 20428.
2, 5107
List the prime factors of 109059.
3, 36353
List the prime factors of 431.
431
What are the prime factors of 106448?
2, 6653
List the prime factors of 1818.
2, 3, 101
List the prime factors of 37188.
2, 3, 1033
List the prime factors of 40213.
40213
What are the prime factors of 207220?
2, 5, 13, 797
What are the prime factors of 3640?
2, 5, 7, 13
What are the prime factors of 1445?
5, 17
List the prime factors of 1957.
19, 103
List the prime factors of 20578.
2, 10289
What are the prime factors of 1977?
3, 659
List the prime factors of 54.
2, 3
List the prime factors of 613.
613
What are the prime factors of 11097?
3, 137
What are the prime factors of 2865?
3, 5, 191
What are the prime factors of 2069?
2069
List the prime factors of 972.
2, 3
What are the prime factors of 27870?
2, 3, 5, 929
List the prime factors of 160484.
2, 53, 757
What are the prime factors of 6203?
6203
List the prime factors of 3038.
2, 7, 31
What are the prime factors of 16891?
7, 19, 127
What are the prime factors of 7371?
3, 7, 13
List the prime factors of 25463.
25463
What are the prime factors of 14787?
3, 31, 53
List the prime factors of 2191.
7, 313
List the prime factors of 18449.
19, 971
What are the prime factors of 2375?
5, 19
List the prime factors of 8751.
3, 2917
What are the prime factors of 2685?
3, 5, 179
What are the prime factors of 88304?
2, 5519
What are the prime factors of 3443?
11, 313
List the prime factors of 768.
2, 3
What are the prime factors of 1772?
2, 443
What are the prime factors of 3084?
2, 3, 257
List the prime factors of 348.
2, 3, 29
List the prime factors of 8873.
19, 467
What are the prime factors of 3260?
2, 5, 163
List the prime factors of 5553.
3, 617
What are the prime factors of 4667?
13, 359
What are the prime factors of 9791?
9791
What are the prime factors of 1498?
2, 7, 107
List the prime factors of 91542.
2, 3, 11, 19, 73
What are the prime factors of 585?
3, 5, 13
What are the prime factors of 8240?
2, 5, 103
List the prime factors of 85269.
3, 43, 661
List the prime factors of 830.
2, 5, 83
What are the prime factors of 3530?
2, 5, 353
List the prime factors of 79215.
3, 5, 5281
What are the prime factors of 718?
2, 359
What are the prime factors of 1226?
2, 613
List the prime factors of 1396.
2, 349
List the prime factors of 1161.
3, 43
What are the prime factors of 26213?
11, 2383
What are the prime factors of 13966?
2, 6983
What are the prime f